s the highest common divisor of 152 and 160?
8
Calculate the highest common factor of 1794 and 78.
78
What is the greatest common divisor of 3596 and 58?
58
What is the greatest common divisor of 651 and 357?
21
What is the greatest common divisor of 377 and 116?
29
Calculate the greatest common divisor of 306 and 68.
34
Calculate the highest common factor of 1408 and 66.
22
Calculate the highest common factor of 18 and 1926.
18
What is the greatest common divisor of 44 and 154?
22
Calculate the highest common divisor of 240 and 465.
15
Calculate the highest common factor of 41 and 19229.
41
What is the greatest common divisor of 4732 and 143?
13
What is the greatest common factor of 33820 and 380?
380
What is the highest common factor of 3936 and 12?
12
What is the highest common factor of 384 and 72?
24
What is the greatest common divisor of 250 and 2350?
50
Calculate the greatest common divisor of 32 and 48.
16
Calculate the highest common divisor of 61278 and 42.
42
Calculate the greatest common factor of 19933 and 31.
31
What is the greatest common factor of 70 and 710?
10
Calculate the greatest common divisor of 30 and 735.
15
Calculate the highest common divisor of 31 and 4.
1
What is the greatest common factor of 308 and 44?
44
Calculate the highest common factor of 96 and 256.
32
What is the highest common factor of 1235 and 95?
95
Calculate the greatest common divisor of 9794 and 118.
118
What is the highest common factor of 4563 and 135?
27
What is the greatest common divisor of 1372 and 98?
98
What is the highest common factor of 26 and 416?
26
Calculate the greatest common divisor of 1 and 233.
1
What is the highest common factor of 275 and 1045?
55
Calculate the highest common factor of 13 and 676.
13
What is the greatest common factor of 413 and 472?
59
What is the highest common factor of 72 and 153?
9
What is the highest common factor of 693 and 3069?
99
Calculate the greatest common factor of 44 and 473.
11
Calculate the greatest common divisor of 3179 and 33.
11
Calculate the greatest common divisor of 45 and 1005.
15
What is the highest common factor of 594 and 3168?
198
Calculate the highest common factor of 130 and 1510.
10
Calculate the greatest common divisor of 148 and 7622.
74
Calculate the highest common divisor of 456 and 156.
12
Calculate the highest common divisor of 1155 and 15.
15
What is the greatest common factor of 33 and 11253?
33
Calculate the greatest common divisor of 93 and 992.
31
What is the greatest common factor of 1014 and 18?
6
Calculate the greatest common factor of 3 and 3693.
3
Calculate the highest common factor of 8493 and 456.
57
Calculate the highest common divisor of 12830 and 20.
10
What is the greatest common factor of 354 and 3658?
118
What is the greatest common factor of 84 and 2604?
84
Calculate the greatest common factor of 18 and 24.
6
Calculate the highest common factor of 260 and 40.
20
What is the highest common factor of 22 and 26?
2
What is the highest common factor of 28 and 1876?
28
What is the greatest common factor of 6989 and 145?
29
What is the greatest common factor of 2025 and 125?
25
Calculate the greatest common factor of 252 and 27.
9
What is the highest common factor of 740 and 2740?
20
Calculate the greatest common divisor of 6686 and 2.
2
What is the greatest common divisor of 371 and 1431?
53
Calculate the highest common factor of 19 and 437.
19
Calculate the highest common divisor of 2646 and 54.
54
What is the greatest common factor of 552 and 9154?
46
What is the greatest common factor of 222 and 1221?
111
Calculate the greatest common factor of 29 and 3.
1
What is the highest common divisor of 5408 and 169?
169
What is the greatest common factor of 155 and 93?
31
Calculate the highest common divisor of 6 and 543.
3
Calculate the highest common divisor of 9 and 144.
9
Calculate the highest common divisor of 1602 and 54.
18
Calculate the greatest common divisor of 67 and 1541.
67
What is the highest common factor of 3 and 21?
3
Calculate the greatest common divisor of 59 and 1593.
59
What is the highest common divisor of 110 and 160?
10
What is the greatest common divisor of 50 and 4?
2
Calculate the highest common factor of 15 and 15.
15
What is the highest common factor of 42 and 868?
14
Calculate the highest common divisor of 13247 and 13.
13
Calculate the greatest common divisor of 133 and 1311.
19
Calculate the greatest common factor of 354 and 7611.
177
Calculate the highest common factor of 540 and 72.
36
What is the highest common divisor of 113 and 565?
113
Calculate the highest common divisor of 39 and 6747.
39
What is the greatest common factor of 493 and 102?
17
What is the highest common factor of 55 and 33?
11
What is the greatest common divisor of 270 and 405?
135
Calculate the highest common factor of 544 and 85.
17
What is the highest common divisor of 272 and 17?
17
Calculate the greatest common divisor of 116 and 36.
4
What is the highest common divisor of 252 and 6?
6
What is the greatest common factor of 20 and 30?
10
What is the greatest common divisor of 96 and 4776?
24
What is the highest common factor of 37935 and 54?
27
Calculate the highest common factor of 1442 and 35.
7
What is the highest common divisor of 1300 and 60?
20
What is the highest common divisor of 130 and 320?
10
Calculate the greatest common divisor of 136 and 24004.
68
What is the greatest common divisor of 8 and 125?
1
Calculate the highest common divisor of 69 and 161.
23
Calculate the highest common divisor of 30 and 740.
10
Calculate the highest common factor of 135 and 360.
45
Calculate the greatest common divisor of 260 and 195.
65
What is the highest common divisor of 171 and 19?
19
Calculate the greatest common factor of 106 and 901.
53
Calculate the greatest common factor of 30 and 870.
30
Calculate the highest common divisor of 684 and 551.
19
What is the greatest common factor of 243 and 3?
3
What is the greatest common divisor of 105 and 15?
15
What is the highest common divisor of 123 and 82?
41
Calculate the highest common factor of 24 and 426.
6
What is the greatest common factor of 138 and 759?
69
Calculate the greatest common factor of 99 and 1.
1
What is the highest common divisor of 195 and 375?
15
What is the highest common factor of 66 and 150?
6
Calculate the highest common factor of 309 and 57.
3
Calculate the highest common divisor of 460 and 20.
20
Calculate the highest common factor of 2826 and 36.
18
What is the highest common divisor of 1435 and 205?
205
What is the highest common factor of 7880 and 40?
40
Calculate the highest common factor of 117 and 429.
39
Calculate the greatest common factor of 455 and 14833.
91
Calculate the highest common factor of 16 and 7232.
16
Calculate the highest common divisor of 126 and 360.
18
What is the highest common divisor of 48 and 3448?
8
What is the greatest common factor of 339 and 43731?
339
What is the greatest common divisor of 23 and 9?
1
Calculate the greatest common divisor of 62 and 4526.
62
What is the highest common divisor of 448 and 98?
14
What is the highest common factor of 117 and 156?
39
What is the highest common factor of 1568 and 7?
7
What is the highest common factor of 44 and 330?
22
What is the greatest common divisor of 57 and 912?
57
Calculate the highest common factor of 12 and 17508.
12
Calculate the highest common factor of 14880 and 240.
240
What is the highest common divisor of 1258 and 102?
34
What is the highest common divisor of 9408 and 64?
64
What is the highest common factor of 2595 and 10?
5
What is the highest common factor of 55 and 3245?
55
Calculate the greatest common divisor of 28 and 35.
7
What is the greatest common divisor of 6667 and 118?
59
What is the highest common factor of 504 and 560?
56
Calculate the greatest common divisor of 182 and 6.
2
Calculate the highest common divisor of 12869 and 17.
17
What is the greatest common factor of 66 and 88?
22
What is the greatest common factor of 83 and 10375?
83
Calculate the highest common divisor of 22 and 116138.
22
What is the greatest common factor of 20 and 860?
20
Calculate the highest common divisor of 2150 and 602.
86
What is the greatest common factor of 63 and 105?
21
Calculate the highest comm